What is the remainder when i(5) is divided by m?
9
Let a = -6 - -13. Suppose -a*u + 680 = u. Suppose -8*g + u + 59 = 0. Calculate the remainder when 31 is divided by g.
13
Suppose 3*y + 16*y - 476 = 2032. Calculate the remainder when 649 is divided by y.
121
Let v(p) = -163*p - 618. What is the remainder when 846 is divided by v(-4)?
30
Suppose -3*y + 603 = 3*n, -3*y - n = -4*y + 199. Let v(s) = 78*s - 9943. What is the remainder when y is divided by v(128)?
36
Suppose 25*s = v + 20*s - 522, -3*v + 3*s = -1674. What is the remainder when v is divided by 18?
9
Let s(k) = 0*k**2 - 5*k**2 - 28 - 2*k**2 + 6*k + 6*k**2. Let g be s(-12). What is the remainder when -2 - (-44)/20 - g/5 is divided by 26?
23
Let i(y) = 240*y - 654. What is the remainder when 6269 is divided by i(3)?
65
Let n(h) = -h**2 - 11*h - 14. Let o be 1*((5 - 7) + -2). Calculate the remainder when n(o) is divided by 2.
0
Suppose 4*g + 0*s - 76 = 2*s, -3*g - 3*s + 66 = 0. Let k be (-1 - -2)*(-2 - 11). Let m = g + k. What is the remainder when 20 is divided by m?
6
Let y(r) = 36*r**3 + 3*r**2 + 148*r - 151. What is the remainder when 449 is divided by y(1)?
17
Calculate the remainder when 885 is divided by 300 - (1 - 9*12/108).
285
Suppose 0 = 3*d + 3, 0 = 5*s - 7*s - 3*d + 183. Suppose 2*n = 441 + s. Calculate the remainder when n is divided by 4.
3
Let x(f) = 5*f - 283. Let k be x(-43). Let v = 549 + k. What is the remainder when 181 is divided by v?
28
Let m(u) = -17*u - 278. Let w be m(-16). Calculate the remainder when 70 is divided by 32/24 + (-142)/w - 0.
20
Let r be (-2)/6 - (-95)/15. Suppose -3*h + 4*t + 144 = 0, -157 = -5*h - t + 60. What is the remainder when 340/r*9/6 is divided by h?
41
Let i(s) = s**2 + 243*s + 7002. What is the remainder when i(-32) is divided by 94?
62
Suppose 2638 = 150*k - 139*k - 23773. What is the remainder when k is divided by 5?
1
Let b = 16433 - 16247. What is the remainder when b is divided by 90?
6
Let w = -4303 - -4415. Calculate the remainder when 472 is divided by w.
24
Suppose -q - 233 = 14. Let d = q - -362. What is the remainder when d is divided by 59?
56
Suppose 17*w - 325 = 30*w. Calculate the remainder when 41 is divided by 2/(-4)*25/(w/58).
12
Suppose 57 = 4*f - 71. What is the remainder when (9 + -4 + 4)*(3 - -18) is divided by f?
29
Let q(d) = -43*d**3 + 4*d**2 + 5*d - 1. Calculate the remainder when 321 is divided by q(-1).
34
Let w(j) = -50*j - 3359. Calculate the remainder when 1089 is divided by w(-69).
88
Let m be (-10)/25 - 1392/(-5). Let l = m + -242. Calculate the remainder when l is divided by 16.
4
Let p(u) = u**3 - 32*u**2 - u + 29. Let k be p(32). Let m(x) = -40*x - 14. What is the remainder when 223 is divided by m(k)?
11
Let j(v) = -v**2 + 13*v + 130. Let h be j(18). Suppose 39 = -37*y + h*y. Calculate the remainder when 23 is divided by y.
10
Calculate the remainder when 490 is divided by (-544)/48*(-180)/24.
65
Let a(v) = 2*v - 5. Let c(d) = 5*d**2 + 246*d + 1. Let w(t) = 2*t**2 + 123*t. Let k(l) = 6*c(l) - 13*w(l). What is the remainder when k(31) is divided by a(4)?
1
What is the remainder when 771 is divided by 1*(-3)/((-21)/(-994))*(-2)/4?
61
Let w(i) = -4*i - 13. Let o be w(-4). Suppose 0 = 2*f - 5 - o. Suppose -14 = 7*m - 8*m. Calculate the remainder when m is divided by f.
2
Let k be 20/(-8) + 90/12. Suppose 6*s = k*b + s - 305, 1 = -s. Let l = 56 - 39. Calculate the remainder when b is divided by l.
9
Suppose -4*n - 75 = 113. Let u = -5 - 28. Let s = u - n. Calculate the remainder when 97 is divided by s.
13
Suppose -3*a - 2*o = -105, -4*o + 20 + 157 = 5*a. Let f = -6409 - -6422. What is the remainder when a is divided by f?
7
Let b(h) = h**3 - 4*h**2 + h. Let k(p) = -3*p. Let i be k(-2). Let n be b(i). Let s = n + -13. Calculate the remainder when s is divided by 35.
30
Let v(x) = 3*x**2 - 23*x + 16. Suppose -5*l - 24 = -7*l. Let o = l + -3. Calculate the remainder when v(8) is divided by o.
6
Let t(h) = -h**2 + 145*h + 57. What is the remainder when t(121) is divided by 57?
54
Let v be -2*(-1)/13 - 9150/325. What is the remainder when v/13 + 18/117 + 25 is divided by 6?
5
Let n(h) be the first derivative of h**2 + 34*h - 137. Calculate the remainder when n(-10) is divided by 10.
4
Let f = -4061 - -4125. What is the remainder when f is divided by 55?
9
Suppose -632*i + 636*i = 96. Suppose -30*g + 126 = -i*g. Calculate the remainder when 80 is divided by g.
17
Let m(f) = 5*f - 78. Let x be (-9)/(-15) + (-321)/(-15). Suppose y + 67 = 4*a + 16, a - 15 = y. What is the remainder when m(x) is divided by a?
8
Let a(j) = j**3 - 186*j**2 + 753*j - 4537. Suppose 201 + 51 = 4*x. Calculate the remainder when x is divided by a(182).
11
Let x = -9474 + 9567. Let n be -2 + 12 + (-3 - -6). Let y = n - -34. What is the remainder when x is divided by y?
46
Let o = 4872 - 3130. Calculate the remainder when o is divided by 62.
6
Let j = -8847 + 9624. Calculate the remainder when j is divided by 87.
81
Let r = 68 + -60. Suppose -5*o + 3*l = 2*l - 64, 2*o = l + 25. Calculate the remainder when (-399)/(-28)*r/3 is divided by o.
12
Suppose 2*i = 6*i - 60. Let p(l) = -11*l - 255 + 8*l + 13 - 16*l + 25. What is the remainder when p(-16) is divided by i?
12
Let b(h) = -1002*h - 12953. Suppose 4*l = 3*a + 1175, 2*l - 2*a - 386 = 204. What is the remainder when l is divided by b(-13)?
71
Suppose 9*y - 19284 = -3*y. What is the remainder when y is divided by 5?
2
Let j be (-3)/(((-13)/260)/((-1)/(-6))). Suppose -3*n + 14*q = 16*q - 235, 0 = -5*q + j. Calculate the remainder when 227 is divided by n.
73
Let w be ((-44)/(-6))/1*(-30)/(-20). Suppose 0 = w*l - 4*l - 21. Suppose -35 = l*n - 10*n. Calculate the remainder when 67 is divided by n.
2
Let k = 3 - -9. Suppose -5768 = -74*n + 11964 + 4394. What is the remainder when n is divided by k?
11
Let w = -8 + 11. Let l be -26 - (-4 + (w - 1)). Let c = -11 - l. What is the remainder when c is divided by 4?
1
Suppose 0 = -2*q - q + 93. Let w(r) = -15*r + 159. Let c be w(11). What is the remainder when q is divided by (c - -3)/(9/(-57)*1)?
12
Let t(d) = -d**3 + 10*d**2 - 12*d + 17. Let w be t(9). What is the remainder when 214 is divided by ((-48)/w)/4*(-30)/(-2)?
16
Suppose 3*i + 12 = 4*u - 17, 4*u = -4*i + 8. What is the remainder when -2 + 5 - (-13)/(195/870) is divided by 50/3 - (-2)/i?
13
Let g = -32 - -35. Let c be (g + (-72)/(-15))*-5. Calculate the remainder when 0/(-3 - (1 + -5)) - c is divided by 20.
19
Suppose 3*m - 27 = 18. Suppose m*f - 776 - 859 = 0. Calculate the remainder when f is divided by 29.
22
Let t = 1822 - 1819. Let b = -6 + 9. Calculate the remainder when b is divided by t.
0
Let a = 5868 + -5636. Let o(z) = -4*z - 10. What is the remainder when a is divided by o(-9)?
24
Let n(a) = 125*a - 252. Let h be n(6). Suppose 4*k - 2*r + 5*r - h = 0, -4*r + 500 = 4*k. Calculate the remainder when k is divided by 53.
17
Let t(z) = 80*z - 2374. What is the remainder when t(33) is divided by 114?
38
Suppose 70*x = -187*x + 100744. Calculate the remainder when x is divided by 51.
35
Let n(v) = 2*v**3 + 7*v**2 - 15*v - 27. Let z be n(4). Suppose -18*l = -35*l + z. What is the remainder when 75 is divided by l?
3
Suppose -y + 5*m - 2 = 7, 2*y - 3*m = 17. Let u be (-10)/6 + 1 + (-1)/3. Let r = y + u. What is the remainder when 44 is divided by r?
14
Suppose 10*k - 35 = 15. Suppose 4*q - k*m = 130, 34 + 62 = 3*q - 3*m. Calculate the remainder when q is divided by 7.
2
Let c(l) = -l**3 + 2*l**2 + 7*l - 8. Let j be -6*((-54)/12 + 4). Calculate the remainder when 103 is divided by c(j).
3
Let h be -3*((-20)/3 + 1). Suppose 14*r - h*r = -66. What is the remainder when ((-819)/13)/((-6)/8) is divided by r?
18
Suppose -20 - 1 = 3*h, 7*q - h - 189 = 0. Calculate the remainder when 76 is divided by q.
24
Let c = 24 + -21. Let f be -4 + ((-9)/c + 4 - -63). Suppose 8*g = 6*g + f. What is the remainder when g is divided by 11?
8
Suppose 0 = -3*r - 10 + 4. Calculate the remainder when 71 is divided by (r*12/16)/((-3)/22).
5
Let b = 2833 + -2826. Let m(d) = 4*d**2 - d - 1. Let g be m(-1). Calculate the remainder when b is divided by -3*(-1)/3 + g.
2
Let r be ((-53)/3 - 4)/((-1)/6). Let m = -59 - 16. Let c = r + m. Calculate the remainder when c is divided by 29.
26
Let d(y) = -5*y - 2. Let